/2. Let c(m) = -10*m - 16. Let u(o) = 3*o + 5. Let n(s) = 2*c(s) + 7*u(s). Give n(w).
6
Let f be (1 + -2 + 0)*0. Suppose -z + 3*y = 8, 12 = -2*z + 5*y - f*y. Let r(l) be the third derivative of l**4/24 - l**3/2 + l**2. Determine r(z).
1
Let i(l) = -3*l - 3*l + l + 6*l - 2*l**2. Determine i(-1).
-3
Let k(a) = 7*a**3 - a**2. Let z = -199 + 198. Give k(z).
-8
Let p(z) = 2*z**2 - 4*z. Let a(j) = 2*j**2 - 5*j. Let s = 9 + -15. Let f(c) = s*p(c) + 5*a(c). What is f(-2)?
-6
Let u(a) = 6 + 26*a + 8 - 19 + 4. Calculate u(1).
25
Suppose -4*m - 8 = 0, -4*p + 13 = -5*m - 17. Let j(k) = k**2 - 5*k. Give j(p).
0
Let j(s) = -s**2 - 10*s - 7. Let n be (-350)/42 - (-1)/3. Give j(n).
9
Let z(n) be the third derivative of 0 - 7/6*n**3 - 10*n**2 + 0*n + 1/12*n**4. What is z(5)?
3
Let x(c) = c**3 + 6*c**2 + 3. Let m(r) = 3*r - 36. Let z be m(10). Calculate x(z).
3
Let g(j) = 15*j + 12 - 35*j + 19*j. What is g(8)?
4
Let v(u) = -u**2 + 7*u. Let h be v(6). Let w(i) = i**3 - 7*i**2 + 8*i + 1. Calculate w(h).
13
Let i(r) be the second derivative of 5*r**3/6 + 3*r**2/2 + r. Suppose 13 = -3*n + 4. Calculate i(n).
-12
Let y(b) = 8*b + b**2 + 16 - b**3 - 7*b**2 - 19. Calculate y(-7).
-10
Suppose -4*s + 12 = -12. Let i(k) = -k**3 + 7*k**2 + 7*k. Let m(d) = 0*d - d + 0*d - d**2. Let o(g) = i(g) + 2*m(g). What is o(s)?
-6
Suppose -2*i + 7*i + 5 = 0. Let j(o) = 10*o**3 + o**2 + o + 1. Calculate j(i).
-9
Let j(q) = 1. Let n(s) = s. Let b(x) = 6*j(x) - n(x). Calculate b(5).
1
Let z(h) = -h**3 - 5*h**2 + 2*h + 6. Let p be (0 - -1)*11*1. Let r = 19 - 13. Let x = r - p. Give z(x).
-4
Let v(k) = -k**3 + 8*k**2 - 8*k - 7. Let z(g) = -g**2 + g + 1. Let x(c) = v(c) + 6*z(c). Determine x(2).
-5
Let u(n) = n + 0 - 7 - 2*n. Suppose -13 + 41 = -7*m. What is u(m)?
-3
Let v(q) = -4*q**2 + q**3 - 9 - 4*q**2 + 0*q + 9*q. What is v(7)?
5
Suppose -24 = -4*q + 10*q. Let g(i) = 2*i + 4. Calculate g(q).
-4
Let q(b) be the second derivative of -b**6/360 - b**5/40 + 2*b**4/3 - 4*b. Let x(g) be the third derivative of q(g). Determine x(-3).
3
Let k(c) = -c**3 - 4*c**2 - 4*c + 1. Let o = 7 + -5. Let f = -5 + o. What is k(f)?
4
Suppose p - 4*p = 0. Let c(r) = 3*r + 9. Let u(w) = 10*w + 27. Let j(v) = 7*c(v) - 2*u(v). What is j(p)?
9
Let s(p) = 4*p - 4 + p + 4*p - 6*p. Let i(x) = 7 - 4*x**3 + x**2 + 0*x + x - 6. Let y be i(-1). Give s(y).
11
Let n be (-3 + 0)*12/(-9). Let l(q) = 2*q - 2. Let h be l(8). Suppose -n*p - h = 2. Let d(w) = w + 4. What is d(p)?
0
Suppose 3*r - 4*l = l + 35, 0 = -3*l - 12. Suppose -j - 2*p = 2, 1 = -r*j - 5*p - 9. Let b be 1 + -3 - (j - -2). Let f(d) = -d - 1. Calculate f(b).
1
Let u = 6 + -4. Let o(i) = 4*i + 2 - 19*i + 11*i. Calculate o(u).
-6
Let z(d) = d**3 + 3*d**2 + d. Let b be ((-108)/6)/((-6)/4). Suppose 0 = -4*r - b. Give z(r).
-3
Let p(n) = n + 1. Let v(x) = 2*x + 5. Let u(l) = 3*p(l) - v(l). Calculate u(-3).
-5
Let i(g) be the second derivative of -2*g**3/3 + g**2 + 27*g. Suppose -4*h - 10 = v, -v - 2*h - 13 = 3*h. What is i(v)?
-6
Let r(a) be the third derivative of a**6/120 + a**5/60 - a**4/6 + 2*a**2 + 1. Determine r(-3).
-6
Let v(i) be the third derivative of i**6/60 - i**5/30 - i**4/24 - i**3/6 - i**2. Let d = 27 - 25. Calculate v(d).
5
Let h(k) = -9*k + 66. Let a be h(7). Let c(w) be the first derivative of 0*w**2 + 3 - 2*w + w**a + 1/2*w**4. Calculate c(-2).
-6
Let h = -9 + 13. Suppose -5*x + 4*n + 11 + 18 = 0, -22 = -h*x + 2*n. Let m(p) = -p**3 + 6*p**2 - 6*p + 6. Calculate m(x).
1
Let j = -26 + 22. Let s(c) = 3*c**3 + 5*c**2 + c + 5. Let n(z) = -z**3. Let t(q) = 2*n(q) + s(q). What is t(j)?
17
Let p(z) = -z. Let j(m) = -m**2 - 7*m + 10. Let u be j(-8). Calculate p(u).
-2
Let j(c) = 5*c**2 - 5*c + 5. Let f(g) = 4*g**2 - 4*g + 4. Let o(w) = 6*f(w) - 5*j(w). What is o(3)?
-7
Let w(r) = r**2 - 3*r - 1. Let d = 2 - -7. Let o = d + -3. Let b be (0 + -3)/(o/4). What is w(b)?
9
Suppose -20 = -5*n + 2*l, 6*l - 4*l = -10. Let h(b) be the second derivative of 0 + n*b + 1/2*b**2 + 1/3*b**3. What is h(-5)?
-9
Let w(v) be the third derivative of -7*v**6/720 - v**5/120 + v**4/4 + 7*v**2. Let c(p) be the second derivative of w(p). What is c(1)?
-8
Let l be (1 - 4)*(-5)/(-5). Let v(q) = -q**2 - 4*q - 1. Let f be v(l). Let c(h) = 2 + f*h + h**2 - 3*h + 4*h. Give c(-3).
2
Suppose 3*b - 15 = -3*u, 0*b - 5*b = 2*u - 13. Let a(g) = g + 1. Calculate a(b).
2
Let k(s) = 0*s - s**3 + 5*s**2 + 6*s + 1 - 1 - 5. Calculate k(6).
-5
Let c be 23/3 - -1*(-7)/(-21). Let z(l) = l**3 - 9*l**2 + 7*l + 6. Determine z(c).
-2
Let z(b) = b**3 - 2*b**2 - 4*b + 3. Suppose 0 = 5*u - 3*x - 22, -3*x - 11 = u - 1. Suppose 1 + 3 = u*o. Give z(o).
-5
Let t(j) = -j + 2. Suppose 7*x - 3*x + 8 = 0, 0 = 2*h + 4*x + 16. Let l be (-3 + 1)*(-10)/h. What is t(l)?
7
Let z = -25 - -45. Suppose 0 = -3*n - 4*d - d + z, 4*n + 8 = 2*d. Let v(r) be the second derivative of -r**3/6 + 4*r**2 + 4*r. What is v(n)?
8
Let a(q) = -q + 2. Let u be ((-3)/5)/(14/70). Calculate a(u).
5
Let t(y) = -2*y + 6*y**2 - 6*y**3 - 5*y + 16*y**3 - 11*y**3. Determine t(5).
-10
Let c = 1 - 5. Let m(h) be the first derivative of h**3/3 + h**2/2 - 4*h - 6. What is m(c)?
8
Let w(g) = -g - g + 7 - 13. Calculate w(-4).
2
Let p(c) = c**2 + 6*c + 4. Let n be p(-6). Let q(a) = -3*a - n*a + 1 + 1 + a**2. Let g(k) = 2*k**2 + 54*k + 5. Let m be g(-27). Give q(m).
-8
Let u = -11 + 17. Let b(z) = 2*z - u - z - 2*z. Let x(w) = -w**3 + 7*w**2 - 6. Let n be x(7). What is b(n)?
0
Let d(p) = p + 6. Let c = -10 - -10. Give d(c).
6
Let f(l) = -5*l**2 + l**2 + 3 - 6 + l**3 - 4*l. Let q be f(5). Suppose -5*j + q*j = 0. Let a(w) = w**2 + w - 4. What is a(j)?
-4
Let l(m) be the first derivative of m**5/60 + m**4/12 + 8*m**3/3 + 3. Let g(t) be the third derivative of l(t). Calculate g(-3).
-4
Let k(i) = -9 + 46*i - 16*i - 15*i - 14*i. Determine k(4).
-5
Suppose -6*l + 7*l + 4*z - 5 = 0, 19 = -l + 4*z. Let n(m) = 5*m - 8 + 3 - 5 + m**2. Give n(l).
4
Let a(x) = -6*x - 3. Suppose 4*k + 23 = -3*s, 0 = k + 3*k + s + 13. Calculate a(k).
9
Let a(f) = 3*f - 7. Let m be a(-6). Let x = 41 + m. Let h be (-23)/4 + (-4)/x. Let l(q) = q**2 + 4*q - 4. Give l(h).
8
Let v(h) = 0 + 2 - 2*h + 3*h. Suppose -2*s + 2 = -4*s. Give v(s).
1
Let q(p) = 5*p**2 - 1 + 0*p**2 - 2*p**2 + p**3. Give q(-2).
3
Let i(r) = r**2 - r + 1. Let m(q) = 5*q**2 - 5*q. Let j(y) = 3*i(y) - m(y). Suppose 5*w + 2*g - 27 = 18, 3*w + 5*g - 46 = 0. Let x = w + -4. What is j(x)?
-9
Suppose 3*u = -u. Let x(o) be the second derivative of o**5/20 + o**3/6 + 7*o**2/2 + 8*o. What is x(u)?
7
Let j(f) = 3*f - 3. Let o(d) = 3*d - 3. Let l(z) = z - 1. Let u(s) = -4*l(s) + o(s). Let b(y) = 4*j(y) + 14*u(y). Let r be 22/5 - 2/5. Give b(r).
-6
Let z(i) = i - 8. Let s be (-1 + 1)*2/(-4). What is z(s)?
-8
Let p(w) = 3*w**2 + 0*w + w**2 - 5*w**2 - 4*w + 7. Let b be 1*-10 - (-11 - -7). Give p(b).
-5
Let x(a) = -2*a**3 + a**3 + 1 - a - a**2 + 2*a + 5*a**3. Suppose -2*m = -3*w + 2, -3*m - 1 = 2*w + 2. What is x(m)?
-5
Let s(t) = 3 - 1 - 19*t**3 + 5*t**2 + 20*t**3 + 4*t. Determine s(-2).
6
Suppose 0 = -4*d + 3*d. Let k = 5 - d. Let b(u) = -k*u + 3*u + 2*u**3 + 3*u + u**2. Give b(-1).
-2
Suppose -45 = m - 53. Suppose 0 = -3*a + 3*z + 8 + 4, a = 3*z + 2. Suppose a*k - 3*l + m = -10, 5*l = -k + 2. Let p(s) = 2*s**2 + 5*s + 2. Determine p(k).
5
Let z(a) = a**2 - 2*a + 12*a**3 - 11*a**3 + 3*a. Give z(-2).
-6
Let t(a) be the second derivative of a**4/12 + a**3 + 2*a**2 - 7*a. Let v(q) = -4*q + 6. Let f be v(3). Give t(f).
4
Let h(o) = -o + 1. Let i(k) be the third derivative of -k**4/6 + k**3/3 - k**2. Suppose x - 3*x + 2 = 0. Let m(q) = x*i(q) - 3*h(q). Give m(4).
-5
Let m(h) be the first derivative of -3*h**4/2 + h**3/3 + h**2 + h - 4. Let k be 0 + (-2 - (-2 + 1)). Determine m(k).
6
Let g(o) = 5 + o - 3 - 4. Suppose d + 2*d = 24. Suppose 0*m = 2*m - d. Calculate g(m).
2
Let v(h) be the third derivative of h**6/240 - h**5/40 - h**4/6 + 7*h**2. Let c(m) be the second derivative of v(m). Determine c(3).
6
Let t(z) = -z**3 - 9*z**2 - 3*z. Let a(j) = 2*j**3 + 17*j**2 + 7*j + 1. Let c(n) = -3*a(n) - 5*t(n). Give c(-4).
-11
Suppose 12 + 12 = 4*y. Suppose 16 = -4*m - 5*g, m - y*m - 20 = -g. Let f(s) = s - 1. What is f(m)?
-5
Let l(u) = -4*u + 2. Let z(b) = -b**3 - 2*b**2 + b + 3. Let t be z(0). Calculate l(t).
-10
Suppose 2*d - 8*d = -30. Let w